4793 is divided by 34?
33
What is the remainder when 272 is divided by 256?
16
Calculate the remainder when 436 is divided by 21.
16
Calculate the remainder when 9627 is divided by 214.
211
Calculate the remainder when 94 is divided by 41.
12
Calculate the remainder when 12725 is divided by 43.
40
Calculate the remainder when 186 is divided by 16.
10
Calculate the remainder when 95 is divided by 7.
4
Calculate the remainder when 60 is divided by 33.
27
What is the remainder when 714 is divided by 71?
4
Calculate the remainder when 783 is divided by 56.
55
Calculate the remainder when 225 is divided by 29.
22
Calculate the remainder when 1388 is divided by 82.
76
What is the remainder when 662 is divided by 158?
30
What is the remainder when 31364 is divided by 123?
122
Calculate the remainder when 526 is divided by 73.
15
Calculate the remainder when 452 is divided by 100.
52
What is the remainder when 322 is divided by 63?
7
What is the remainder when 336 is divided by 43?
35
What is the remainder when 293 is divided by 107?
79
What is the remainder when 3061 is divided by 279?
271
What is the remainder when 701 is divided by 37?
35
What is the remainder when 544 is divided by 175?
19
What is the remainder when 3754 is divided by 34?
14
Calculate the remainder when 675 is divided by 156.
51
Calculate the remainder when 84 is divided by 28.
0
What is the remainder when 466 is divided by 461?
5
What is the remainder when 440 is divided by 12?
8
Calculate the remainder when 43 is divided by 9.
7
What is the remainder when 398 is divided by 135?
128
What is the remainder when 3241 is divided by 1080?
1
Calculate the remainder when 3832 is divided by 425.
7
Calculate the remainder when 645 is divided by 159.
9
Calculate the remainder when 331 is divided by 84.
79
Calculate the remainder when 53 is divided by 15.
8
Calculate the remainder when 267 is divided by 68.
63
What is the remainder when 3264 is divided by 272?
0
Calculate the remainder when 64 is divided by 25.
14
What is the remainder when 286 is divided by 112?
62
What is the remainder when 415 is divided by 126?
37
What is the remainder when 776 is divided by 14?
6
Calculate the remainder when 417 is divided by 28.
25
Calculate the remainder when 41658 is divided by 64.
58
Calculate the remainder when 1590 is divided by 11.
6
What is the remainder when 86 is divided by 30?
26
What is the remainder when 333 is divided by 113?
107
What is the remainder when 136 is divided by 31?
12
Calculate the remainder when 201 is divided by 40.
1
What is the remainder when 198 is divided by 35?
23
What is the remainder when 35 is divided by 12?
11
Calculate the remainder when 103 is divided by 5.
3
What is the remainder when 108 is divided by 56?
52
Calculate the remainder when 181 is divided by 47.
40
What is the remainder when 418 is divided by 9?
4
What is the remainder when 91 is divided by 19?
15
What is the remainder when 558 is divided by 14?
12
What is the remainder when 543 is divided by 39?
36
What is the remainder when 195 is divided by 23?
11
What is the remainder when 195 is divided by 28?
27
Calculate the remainder when 82 is divided by 32.
18
Calculate the remainder when 77 is divided by 20.
17
What is the remainder when 107 is divided by 18?
17
What is the remainder when 177 is divided by 23?
16
What is the remainder when 67 is divided by 11?
1
What is the remainder when 348 is divided by 173?
2
What is the remainder when 1163 is divided by 64?
11
Calculate the remainder when 630 is divided by 618.
12
What is the remainder when 3726 is divided by 1854?
18
What is the remainder when 73 is divided by 3?
1
What is the remainder when 473 is divided by 14?
11
Calculate the remainder when 1350 is divided by 97.
89
Calculate the remainder when 89 is divided by 26.
11
What is the remainder when 1096 is divided by 181?
10
Calculate the remainder when 138 is divided by 96.
42
What is the remainder when 87 is divided by 10?
7
What is the remainder when 6390 is divided by 47?
45
Calculate the remainder when 206 is divided by 67.
5
What is the remainder when 41 is divided by 22?
19
What is the remainder when 978 is divided by 29?
21
What is the remainder when 617 is divided by 78?
71
Calculate the remainder when 2375 is divided by 22.
21
Calculate the remainder when 7914 is divided by 39.
36
What is the remainder when 684 is divided by 160?
44
What is the remainder when 455 is divided by 76?
75
What is the remainder when 2608 is divided by 90?
88
Calculate the remainder when 63 is divided by 16.
15
Calculate the remainder when 1265 is divided by 14.
5
What is the remainder when 344 is divided by 117?
110
What is the remainder when 179 is divided by 36?
35
Calculate the remainder when 489 is divided by 101.
85
What is the remainder when 13568 is divided by 23?
21
Calculate the remainder when 1615 is divided by 35.
5
Calculate the remainder when 1696 is divided by 190.
176
What is the remainder when 83 is divided by 42?
41
Calculate the remainder when 1567 is divided by 488.
103
What is the remainder when 139 is divided by 28?
27
Calculate the remainder when 69 is divided by 59.
10
What is the remainder when 11709 is divided by 12?
9
What is the remainder when 147 is divided by 134?
13
What is the remainder when 114 is divided by 31?
21
Calculate the remainder when 51 is divided by 21.
9
What is the remainder when 171 is divided by 50?
21
What is the remainder when 52 is divided by 48?
4
What is the remainder when 309 is divided by 62?
61
What is the remainder when 202 is divided by 75?
52
Calculate the remainder when 972 is divided by 39.
36
Calculate the remainder when 11127 is divided by 14.
11
Calculate the remainder when 269 is divided by 129.
11
Calculate the remainder when 111 is divided by 8.
7
Calculate the remainder when 2933 is divided by 20.
13
Calculate the remainder when 15095 is divided by 3017.
10
Calculate the remainder when 313 is divided by 88.
49
What is the remainder when 35 is divided by 5?
0
Calculate the remainder when 26 is divided by 11.
4
Calculate the remainder when 82 is divided by 5.
2
What is the remainder when 18 is divided by 5?
3
Calculate the remainder when 123 is divided by 18.
15
What is the remainder when 125 is divided by 32?
29
Calculate the remainder when 688 is divided by 315.
58
What is the remainder when 16253 is divided by 60?
53
Calculate the remainder when 2678 is divided by 5.
3
What is the remainder when 6370 is divided by 23?
22
What is the remainder when 130 is divided by 69?
61
Calculate the remainder when 7158 is divided by 93.
90
Calculate the remainder when 400 is divided by 103.
91
What is the remainder when 311 is divided by 13?
12
What is the remainder when 211 is divided by 54?
49
What is the remainder when 50 is divided by 13?
11
What is the remainder when 288 is divided by 53?
23
What is the remainder when 73 is divided by 28?
17
What is the remainder when 118 is divided by 7?
6
What is the remainder when 331 is divided by 82?
3
Calculate the remainder when 439 is divided by 118.
85
Calculate the remainder when 7718 is divided by 249.
248
What is the remainder when 13 is divided by 10?
3
What is the remainder when 433 is divided by 15?
13
What is the remainder when 104 is divided by 54?
50
What is the remainder when 175 is divided by 61?
53
Calculate the remainder when 6345 is divided by 1584.
9
Calculate the remainder when 1279 is divided by 255.
4
Calculate the remainder when 572 is divided by 88.
44
Calculate the remainder when 118 is divided by 10.
8
Calculate the remainder when 506 is divided by 6.
2
Calculate the remainder when 161 is divided by 27.
26
Calculate the remainder when 26 is divided by 4.
2
What is the remainder when 279 is divided by 10?
9
Calculate the remainder when 2686 is divided by 48.
46
Calculate the remainder when 254 is divided by 35.
9
Calculate the remainder when 2802 is divided by 27.
21
What is the remainder when 3035 is divided by 33?
32
Calculate the remainder when 166 is divided by 21.
19
What is the remainder when 2760 is divided by 8?
0
What is the remainder when 105 is divided by 31?
12
Calculate the remainder when 218 is divided by 9.
2
What is the remainder when 27 is divided by 14?
13
What is the